{"id":4737,"date":"2025-02-21T11:00:03","date_gmt":"2025-02-21T11:00:03","guid":{"rendered":"https:\/\/finovate.vamtam.com\/?page_id=4737"},"modified":"2026-01-14T18:05:15","modified_gmt":"2026-01-14T23:05:15","slug":"sofia-valentina-gamboa-navarro","status":"publish","type":"page","link":"https:\/\/brb-ingenieros.com\/index.php\/nosotros\/team\/sofia-valentina-gamboa-navarro\/","title":{"rendered":"Sofia Valentina Gamboa Navarro\u00a0"},"content":{"rendered":"\t\t<div data-elementor-type=\"wp-page\" data-elementor-id=\"4737\" class=\"elementor elementor-4737\" data-elementor-post-type=\"page\">\n\t\t\t\t<div class=\"elementor-element elementor-element-549fcbd e-flex e-con-boxed e-con e-parent\" data-id=\"549fcbd\" data-element_type=\"container\">\n\t\t\t\t\t<div class=\"e-con-inner\">\n\t\t\t\t<div class=\"elementor-element elementor-element-043188b elementor-widget elementor-widget-text-editor\" data-id=\"043188b\" data-element_type=\"widget\" data-widget_type=\"text-editor.default\">\n\t\t\t\t<div class=\"elementor-widget-container\">\n\t\t\t\t\t\t\t\t\t<p class=\"p1\">Ingeniera Ambiental y especialista en Evaluaci\u00f3n Ambiental de Proyectos, con experiencia en sectores minero, vial, energ\u00e9tico, aeroportuario y de infraestructura el\u00e9ctrica. Su enfoque integra la gesti\u00f3n del riesgo, el an\u00e1lisis territorial y la evaluaci\u00f3n de impactos ambientales para la toma de decisiones estrat\u00e9gicas.<\/p><p class=\"p1\">Cuenta con trayectoria en la elaboraci\u00f3n de Estudios de Impacto Ambiental, formulaci\u00f3n de Planes de Gesti\u00f3n del Riesgo de Desastres \u2014incluyendo proyectos destacados como el Aeropuerto Internacional El Ed\u00e9n (Quind\u00edo) y el corredor vial Mocoa (Putumayo)\u2014, modelaci\u00f3n hidrol\u00f3gica y geomorfol\u00f3gica, an\u00e1lisis de coberturas y desarrollo de l\u00edneas base ambientales.<\/p><p class=\"p1\">Lidera procesos t\u00e9cnicos basados en SIG y administraci\u00f3n de Geodatabases, generando cartograf\u00eda especializada y an\u00e1lisis espaciales de alto valor. Su experiencia incluye adem\u00e1s gesti\u00f3n normativa, relacionamiento con autoridades ambientales y soporte integral para tr\u00e1mites y licenciamiento ambiental. Maneja con experticia herramientas como ArcGIS,\u00a0QGIS\u00a0y\u00a0HEC-RAS.<\/p>\t\t\t\t\t\t\t\t<\/div>\n\t\t\t\t<\/div>\n\t\t\t\t\t<\/div>\n\t\t\t\t<\/div>\n\t\t\t\t<\/div>\n\t\t","protected":false},"excerpt":{"rendered":"<p>Ingeniera Ambiental y especialista en Evaluaci\u00f3n Ambiental de Proyectos, con experiencia en sectores minero, vial, energ\u00e9tico, aeroportuario y de infraestructura el\u00e9ctrica. Su enfoque integra la gesti\u00f3n del riesgo, el an\u00e1lisis territorial y la evaluaci\u00f3n de impactos ambientales para la toma de decisiones estrat\u00e9gicas. Cuenta con trayectoria en la elaboraci\u00f3n de Estudios de Impacto Ambiental, formulaci\u00f3n&#8230;<\/p>\n","protected":false},"author":1,"featured_media":989239,"parent":1071,"menu_order":0,"comment_status":"closed","ping_status":"closed","template":"","meta":{"footnotes":""},"class_list":["post-4737","page","type-page","status-publish","has-post-thumbnail","hentry"],"_links":{"self":[{"href":"https:\/\/brb-ingenieros.com\/index.php\/wp-json\/wp\/v2\/pages\/4737","targetHints":{"allow":["GET"]}}],"collection":[{"href":"https:\/\/brb-ingenieros.com\/index.php\/wp-json\/wp\/v2\/pages"}],"about":[{"href":"https:\/\/brb-ingenieros.com\/index.php\/wp-json\/wp\/v2\/types\/page"}],"author":[{"embeddable":true,"href":"https:\/\/brb-ingenieros.com\/index.php\/wp-json\/wp\/v2\/users\/1"}],"replies":[{"embeddable":true,"href":"https:\/\/brb-ingenieros.com\/index.php\/wp-json\/wp\/v2\/comments?post=4737"}],"version-history":[{"count":4,"href":"https:\/\/brb-ingenieros.com\/index.php\/wp-json\/wp\/v2\/pages\/4737\/revisions"}],"predecessor-version":[{"id":989272,"href":"https:\/\/brb-ingenieros.com\/index.php\/wp-json\/wp\/v2\/pages\/4737\/revisions\/989272"}],"up":[{"embeddable":true,"href":"https:\/\/brb-ingenieros.com\/index.php\/wp-json\/wp\/v2\/pages\/1071"}],"wp:featuredmedia":[{"embeddable":true,"href":"https:\/\/brb-ingenieros.com\/index.php\/wp-json\/wp\/v2\/media\/989239"}],"wp:attachment":[{"href":"https:\/\/brb-ingenieros.com\/index.php\/wp-json\/wp\/v2\/media?parent=4737"}],"curies":[{"name":"wp","href":"https:\/\/api.w.org\/{rel}","templated":true}]}}